2098?
2, 7, 4001
What are the prime factors of 9912208?
2, 173, 3581
What are the prime factors of 333119?
179, 1861
What are the prime factors of 16206279?
3, 5402093
List the prime factors of 505546.
2, 17, 14869
List the prime factors of 8189215.
5, 373, 4391
List the prime factors of 13850101.
47, 103, 2861
List the prime factors of 366639.
3, 7, 13, 17, 79
What are the prime factors of 230899?
73, 3163
What are the prime factors of 15239596?
2, 19, 239, 839
List the prime factors of 1098797.
7, 156971
What are the prime factors of 3579074?
2, 31, 57727
List the prime factors of 679379.
241, 2819
List the prime factors of 275781.
3, 11, 61, 137
List the prime factors of 462752.
2, 14461
What are the prime factors of 8467117?
37, 228841
List the prime factors of 19882.
2, 9941
What are the prime factors of 5519?
5519
List the prime factors of 346773.
3, 7, 337
List the prime factors of 1079635.
5, 215927
List the prime factors of 5769.
3, 641
List the prime factors of 3739703.
11, 359, 947
List the prime factors of 569346.
2, 3, 31, 3061
List the prime factors of 6533274.
2, 3, 11, 8999
What are the prime factors of 160963?
11, 14633
What are the prime factors of 77135?
5, 15427
List the prime factors of 2649704.
2, 331213
What are the prime factors of 13086765?
3, 5, 10771
List the prime factors of 397833.
3, 132611
List the prime factors of 1692229.
7, 11, 21977
List the prime factors of 7102122.
2, 3, 1183687
List the prime factors of 419224.
2, 13, 29, 139
What are the prime factors of 3943208?
2, 492901
What are the prime factors of 853952?
2, 11, 1213
List the prime factors of 501424.
2, 7, 11, 37
List the prime factors of 221570.
2, 5, 22157
What are the prime factors of 668824?
2, 13, 59, 109
List the prime factors of 91.
7, 13
What are the prime factors of 3539966?
2, 19, 4903
List the prime factors of 584357.
584357
List the prime factors of 155866.
2, 77933
What are the prime factors of 73756?
2, 18439
What are the prime factors of 4496237?
751, 5987
List the prime factors of 2711405.
5, 542281
List the prime factors of 103962.
2, 3, 17327
What are the prime factors of 688699?
11, 137, 457
What are the prime factors of 192810?
2, 3, 5, 6427
List the prime factors of 4075099.
7, 582157
List the prime factors of 8100772.
2, 17, 119129
List the prime factors of 152425.
5, 7, 13, 67
What are the prime factors of 160145?
5, 32029
List the prime factors of 629213.
13, 29, 1669
What are the prime factors of 161379?
3, 43, 139
List the prime factors of 24589912.
2, 29, 83, 1277
What are the prime factors of 144733?
101, 1433
List the prime factors of 912125.
5, 7297
List the prime factors of 3687210.
2, 3, 5, 53, 773
What are the prime factors of 534968?
2, 7, 41, 233
List the prime factors of 194560.
2, 5, 19
List the prime factors of 2085440.
2, 5, 7, 19
List the prime factors of 204253.
7, 29179
List the prime factors of 1527984.
2, 3, 131
What are the prime factors of 455138?
2, 227569
What are the prime factors of 523467?
3, 7, 1187
What are the prime factors of 2093579?
79, 26501
List the prime factors of 707827.
707827
List the prime factors of 8442494.
2, 4221247
List the prime factors of 3066310.
2, 5, 13, 103, 229
List the prime factors of 16123627.
13, 31, 40009
List the prime factors of 59999.
59999
What are the prime factors of 2309031?
3, 173, 1483
What are the prime factors of 106734?
2, 3, 17789
List the prime factors of 8231994.
2, 3, 457333
List the prime factors of 1745649.
3, 73, 2657
List the prime factors of 100109.
100109
What are the prime factors of 296777?
13, 37, 617
What are the prime factors of 5954421?
3, 11, 180437
What are the prime factors of 6203756?
2, 13, 53, 2251
List the prime factors of 12269617.
739, 16603
List the prime factors of 990115.
5, 7, 28289
List the prime factors of 6585110.
2, 5, 7, 89, 151
List the prime factors of 46481.
53, 877
List the prime factors of 295246.
2, 7, 21089
List the prime factors of 2961372.
2, 3, 246781
What are the prime factors of 23733427?
1439, 16493
What are the prime factors of 4827179?
7, 689597
List the prime factors of 4936733.
1187, 4159
What are the prime factors of 2440647?
3, 11, 89, 277
List the prime factors of 1145070.
2, 3, 5, 4241
What are the prime factors of 3396259?
3396259
What are the prime factors of 3032525?
5, 101, 1201
What are the prime factors of 11730677?
7, 967, 1733
What are the prime factors of 73398?
2, 3, 13, 941
What are the prime factors of 11127218?
2, 157, 35437
List the prime factors of 1371534.
2, 3, 19, 53, 227
List the prime factors of 108029.
59, 1831
What are the prime factors of 2234179?
2234179
What are the prime factors of 3754708?
2, 938677
What are the prime factors of 145659?
3, 23, 2111
List the prime factors of 7795947.
3, 19, 233, 587
List the prime factors of 4210540.
2, 5, 210527
What are the prime factors of 2781546?
2, 3, 53, 8747
List the prime factors of 4114125.
3, 5, 23, 53
List the prime factors of 1208656.
2, 75541
What are the prime factors of 18123?
3, 7, 863
List the prime factors of 142655.
5, 103, 277
What are the prime factors of 189595?
5, 7, 5417
What are the prime factors of 40261462?
2, 239, 84229
List the prime factors of 524374.
2, 262187
List the prime factors of 4779788.
2, 13, 17, 5407
What are the prime factors of 21827532?
2, 3, 113, 16097
What are the prime factors of 556617?
3, 185539
What are the prime factors of 2274?
2, 3, 379
List the prime factors of 265573.
7, 11, 3449
List the prime factors of 13560857.
31, 151, 2897
What are the prime factors of 2782192?
2, 7, 24841
What are the prime factors of 2023349?
2023349
List the prime factors of 990942.
2, 3, 317, 521
What are the prime factors of 114500?
2, 5, 229
List the prime factors of 11600.
2, 5, 29
What are the prime factors of 7758?
2, 3, 431
What are the prime factors of 254800?
2, 5, 7, 13
What are the prime factors of 5763510?
2, 3, 5, 17, 3767
List the prime factors of 442974.
2, 3, 7, 53, 199
List the prime factors of 609537.
3, 199, 1021
List the prime factors of 1413476.
2, 31, 11399
What are the prime factors of 7172374?
2, 11, 97, 3361
List the prime factors of 1399743.
3, 29, 31, 173
List the prime factors of 1118017.
19, 163
What are the prime factors of 979343?
979343
What are the prime factors of 16127863?
71, 227153
What are the prime factors of 3023203?
773, 3911
List the prime factors of 1585476.
2, 3, 44041
List the prime factors of 1563483.
3, 521161
What are the prime factors of 3092562?
2, 3, 11, 15619
List the prime factors of 1107464.
2, 138433
What are the prime factors of 9067856?
2, 7, 80963
What are the prime factors of 1141121?
19, 29, 109
List the prime factors of 596070.
2, 3, 5, 37, 179
What are the prime factors of 2872080?
2, 3, 5, 3989
What are the prime factors of 269924?
2, 67481
What are the prime factors of 281709?
3, 113, 277
List the prime factors of 1300473.
3, 144497
List the prime factors of 768405.
3, 5, 11, 4657
List the prime factors of 1193756.
2, 29, 41, 251
List the prime factors of 178321.
11, 13, 29, 43
List the prime factors of 3502435.
5, 113, 6199
List the prime factors of 1104191.
11, 37, 2713
What are the prime factors of 937342?
2, 7, 23, 41, 71
List the prime factors of 60710.
2, 5, 13, 467
What are the prime factors of 3281042?
2, 23, 71327
What are the prime factors of 975731?
975731
List the prime factors of 15654509.
13, 181, 6653
List the prime factors of 585065.
5, 13, 9001
List the prime factors of 7739050.
2, 5, 11, 14071
What are the prime factors of 10326669?
3, 3442223
List the prime factors of 24236958.
2, 3, 179, 22567
List the prime factors of 28964115.
3, 5, 103, 2083
What are the prime factors of 854033?
854033
List the prime factors of 1441212.
2, 3, 83, 1447
List the prime factors of 642810.
2, 3, 5, 7, 3061
What are the prime factors of 1286182?
2, 227, 2833
List the prime factors of 447057.
3, 13, 3821
What are the prime factors of 1151673?
3, 383891
List the prime factors of 574446.
2, 3, 19, 5039
What are the prime factors of 1616329?
11, 13, 89, 127
List the prime factors of 2492227.
2492227
List the prime factors of 21218985.
3, 5, 471533
List the prime factors of 2146057.
89, 24113
List the prime factors of 569313.
3, 17, 61
What are the pri